e i(11). Let f = -8 - m. What are the prime factors of f?
17
Let r = 24 + -17. What are the prime factors of r?
7
Let m = 36 - 26. Suppose -a = -m + 3. What are the prime factors of a?
7
Let c be 3/((-17)/10 - -2). Let v = c - 4. List the prime factors of (-7)/3*v/(-2).
7
Suppose -1 = d, 2*o - d = -0*d + 37. What are the prime factors of o?
2, 3
Let j = -6 + 12. Suppose 0 = 14*v - 10*v - 136. Suppose -j*d + v = -3*d + l, -5 = -5*l. List the prime factors of d.
11
Let a(k) = -k**3 - k**2 + 2*k + 37. Let f be a(0). Suppose 163 = 4*c - f. List the prime factors of c.
2, 5
Let n = 2 - 1. Let x(p) = n - 6*p**2 - p**3 + 5*p - 6 + p. List the prime factors of x(-7).
2
Let g be (-2 + 2)/(-3) + 3. Let b be (-32)/(-6) - 1/g. Suppose -2*y + 17 - b = 0. List the prime factors of y.
2, 3
Let c be (-12)/(-78) - 74/(-26). Let o be 16/(-10)*(-15)/2. Suppose 5*v - c*d - 20 = -0*v, 3*v + 5*d - o = 0. List the prime factors of v.
2
Suppose u = -3*u + 324. Suppose 4*x - u = -9. Suppose -c - c = -x. List the prime factors of c.
3
Suppose 0 = 2*q + 2*q + 44. List the prime factors of (q + -5)/((-2)/4).
2
Let f be 4 - 0*1/(-2). Suppose -3*i - y = -f, -3*i + y = -0*i - 8. What are the prime factors of i?
2
Suppose -50 = 5*r - 3*k - 14, 2 = k. Let g = -3 - 0. Let u = g - r. What are the prime factors of u?
3
Let p be (-26)/(-6) + 1/(-3). Let f be 35 - 0 - 1*(-4)/2. Suppose f = p*r - 7. What are the prime factors of r?
11
Let a(f) be the second derivative of -7/2*f**2 + 1/2*f**3 + 0 - f. List the prime factors of a(5).
2
Let f = 65 + -48. List the prime factors of f.
17
Suppose 0 = -6*v + 2*v + 12. Suppose -v*q - r + 8 = 0, 4*r + 0*r + 13 = 3*q. Let t = q + 2. List the prime factors of t.
5
Let p(r) = -4*r**3 + r**2 + 1. Let z(d) = 5*d**3 + d - 2. Let s(m) = 3*p(m) + 2*z(m). Let t be s(3). List the prime factors of (2/(-4))/1*t.
11
Suppose -g - 16 = 5*u, 3*g - 7*u - 12 = -2*u. Let z be -5*(g - (-3 - -3)). Suppose 0 = b + 5*v - 2, 5*b - z*v - 55 + 15 = 0. What are the prime factors of b?
7
Suppose -a - 5*u = -4*a - 62, 72 = -4*a + 4*u. List the prime factors of a/(-3)*30/10.
2, 7
Suppose -5*o + o + 3*z + 113 = 0, -z = -1. List the prime factors of o.
29
Suppose 3*s + v + 182 = -s, 2*s = -2*v - 94. Let d = s + 65. Suppose 5*c - 3*c = d. List the prime factors of c.
2, 5
Suppose 0 = 6*j - 3*j - 54. Suppose 0 = -h - 4*o - 4, 0 = -5*h + 2*o + j + 6. Suppose -3*r - 2*r + 4*d = 2, -4*r + h*d = 4. List the prime factors of r.
2
Let o(z) = z**2 - 3*z + 2. Let r be o(2). Suppose r*a + a - 22 = 0. List the prime factors of a.
2, 11
Let t = -20 + 215. List the prime factors of t.
3, 5, 13
Suppose 0 = 5*x - l - 55, -2*x + 7*x - 3*l - 55 = 0. What are the prime factors of (x - 14)*76/(-6)?
2, 19
Suppose 4*q + 15 = 95. List the prime factors of q.
2, 5
Suppose -3*c + 7 = -11. List the prime factors of c.
2, 3
Suppose 0*o = 3*o - 21. Suppose 17 = 3*a - 4*v, -3*v - o = -3*a - 4*v. What are the prime factors of a?
3
Let v(u) = 3*u**3 + u**2 - u. Let b be v(1). Suppose -3*p = -5*k + 67, -27 - 18 = -b*k - 3*p. What are the prime factors of k?
2, 7
Let c be 6 + (-1 - -5)/(-2). Suppose c*w + 3*u = 21 + 2, 4*u = 20. Suppose -k + w*z = -2*k + 19, 4*k + 4*z - 60 = 0. List the prime factors of k.
11
List the prime factors of 6 - 9 - -5 - -90.
2, 23
Let d(y) = y**2 - y - 3. Let g be -4*((-6)/8)/1. Let j be d(g). Suppose c = -j*n - 0*c + 26, -2*c + 43 = 5*n. List the prime factors of n.
3
Let v(y) = -y**3 + 4*y**2 + 2*y + 1. What are the prime factors of v(4)?
3
Let q(u) = 6*u + 3. List the prime factors of q(3).
3, 7
Let p(k) = k**2 + 2*k + 2. Let b be p(-3). Suppose 6*y + 2*n - 114 = 2*y, 0 = -2*y + b*n + 39. Let s = y + -16. List the prime factors of s.
11
Let j(y) = -y**3 - 4*y**2 + 9*y + 5. Let w be j(-6). Let s = -14 + w. What are the prime factors of s?
3
Let l = -59 - -101. List the prime factors of 763/l - 1/6.
2, 3
Let n(k) = k + 3. Let a be n(-4). Let c(x) = -x**2 - 13*x + 34. Let p be c(-15). Let d = a + p. List the prime factors of d.
3
Suppose -28 = -5*s - 3*l, -11 = -4*s + 4*l + 5. Let k = -3 + s. What are the prime factors of k?
2
Let v(a) = a**3 + 8*a**2 - 10*a - 9. Let p be v(-9). Let r(x) = -x**3 + x**2 - x + 2. Let w be r(p). Suppose w*t - 20 = 24. What are the prime factors of t?
2, 11
Let x(j) = -j**3 + 6*j**2 - 1. Let i be x(5). Suppose -16 - i = -4*u. What are the prime factors of u?
2, 5
Let q be 24/14 - (-8)/28. Let o be (-28)/(-6) - q/3. Suppose -o*x = -7 - 5. What are the prime factors of x?
3
List the prime factors of -2*(-98)/4*(-25)/(-25).
7
Let m = 3 + -4. Let u = m + -1. List the prime factors of (10/(-4))/(u/8).
2, 5
Suppose -z = 5*q - 23, -3*z + q = -76 - 9. What are the prime factors of z?
2, 7
Let w(b) = -2*b - 2. Let u be w(-3). Suppose -5*c - 6 = -2*s, 3*s = 7*s - u*c - 36. What are the prime factors of s?
13
Let l(b) = 5*b - 10. Let i be l(7). List the prime factors of i/4 - 1/4.
2, 3
Suppose 0 = -4*r + 1484 - 572. What are the prime factors of r?
2, 3, 19
What are the prime factors of (-6)/(-4) - 31/(-2)?
17
Suppose -p + 3*s + 9 = 0, -p + s + 14 = 3. List the prime factors of p.
2, 3
Let u = 12 + -5. Let h(q) = q**3 - 6*q**2 - 4*q + 2. Let x be h(u). Let p = 32 - x. What are the prime factors of p?
3
Suppose -8*b + 47 = -353. What are the prime factors of b?
2, 5
Let n(q) = q**2 - 2*q + 1. Let p be n(3). Suppose -2*i = p - 26. List the prime factors of i.
11
Let c be 6/15 - 68/(-5). Let j be (120/c)/(6/42). Suppose -2*o + 69 = 5*y - 6, 4*y + o = j. What are the prime factors of y?
3, 5
Let s = 10 + -6. Let h = s + -4. Suppose i - 2*l - 2 - 4 = 0, -4*l - 8 = h. What are the prime factors of i?
2
Suppose 5*z + v = 209, v + 2*v + 45 = z. What are the prime factors of z?
2, 3, 7
Let w(k) = k**2 - 8*k - 1. Let q be w(9). Let j = -5 + q. List the prime factors of j.
3
Let z be ((-6)/(-4))/(2/(-28)). Let b be -1*(3 + -3 - 29). Let n = z + b. What are the prime factors of n?
2
Let n(k) = k**3 + 2*k**2 - 5*k - 4. Let q be n(-3). Suppose 0 = -q*v + 3 + 1. List the prime factors of v.
2
Let k = 1 - 1. Let l(a) = -a**3 + 9*a**2 + 4. Let h be l(9). Let n = h + k. What are the prime factors of n?
2
Let d be (-132)/(-16) + 2/(-8). Suppose 0 = -3*g + 7 + d. Suppose -5*z + 50 = -g. What are the prime factors of z?
11
Let g(k) = -95*k**3 + k**2 - 3*k - 2. List the prime factors of g(-1).
97
Let h(y) = y**3 + 7*y**2 + 6*y + 7. Let s(z) = -3*z**2 + 2*z + 2. Let p be s(2). List the prime factors of h(p).
7
Suppose 0 = -a - 0*a + 2. Suppose j = -2*o + 3, -o + 7 = a*o + 4*j. What are the prime factors of -3 - (-1 - o) - -7?
2, 3
Let c be 2 + -3 + 4 + 0. Suppose -c*s = -2*s - 53. List the prime factors of s.
53
Let b(s) = 3*s**2 + 15*s + 18. What are the prime factors of b(-10)?
2, 3, 7
Let y(f) = -f**3 + f + 2. Suppose -2*o - 8 = 2*o. Let v be y(o). Suppose m - v = -0*m. List the prime factors of m.
2
Let o be 11 - 7 - (1 - 1). Let r(q) = 3*q - 6. List the prime factors of r(o).
2, 3
Suppose -578 + 170 = -4*j. List the prime factors of j.
2, 3, 17
Let b = 2 - -2. Suppose -v = -4, -2*r + b*v = 2*v + 4. What are the prime factors of r?
2
Suppose 3*o + 2 = 4*o - 4*a, -a + 94 = 5*o. List the prime factors of o.
2, 3
Suppose -4*o = 3*t - 2*o - 6, 4*t + 5*o = 15. Suppose 2*r = -2*z + 4*r + 74, t = -5*z - 5*r + 225. List the prime factors of z.
41
Let u be (1 - 0) + -2 - 2. Let n = u - -8. List the prime factors of n.
5
Let m be (-3)/((-9)/3) + 1. Suppose 0 = 4*l - 4*y - 24, -l - 2*y + 23 = m*l. What are the prime factors of l?
7
Let n(f) = f - 4. Suppose 0 = -4*p + p + 12. Let b be n(p). Suppose -3*r = -b - 51. List the prime factors of r.
17
Let d = -7 - -16. Let l = -4 - d. Let t = l + 25. What are the prime factors of t?
2, 3
Let m be ((-1)/2 - -2)*2. Suppose -8*z = -m*z - 100. List the prime factors of z.
2, 5
Let o be (-4)/8*(-1 - 11). Let g(j) = -j**3 + 7*j**2 - 4*j - 4. List the prime factors of g(o).
2
Let d be (-50)/3 - (-2)/3. Let j be 186/8 - (-4)/d. Suppose -5*f = -4 - 11, -5*m - f + j = 0. What are the prime factors of m?
2
Let c(y) = -7*y**2 + 4*y + 4. Let s(b) = 15*b**2 - 9*b - 9. Let k(f) = -7*c(f) - 3*s(f). Let g = 22 + -20. List the prime factors of k(g).
13
Let y(b) = -b**3 + 5*b + 2. Let w(d) = -1 + 1 - 5*d + 1 + d**2. Let p be w(4). List the prime factors of 